v(t) = -t - 6. Let y(m) = 4*m + 23. Let l(z) = 9*v(z) + 2*y(z). Suppose -13*d - 91 = -0*d. Let u be l(d). Let b(n) = -2*n**2 + 2*n + 1. Calculate b(u).
-3
Let s be ((-2)/3)/(20/30). Let t = s + 4. Let h(d) = d - 6. Give h(t).
-3
Let h be 0/(-1)*7/14. Let s(q) be the second derivative of -3*q + 1/3*q**3 - 1/20*q**5 - 3/2*q**2 + h + 1/3*q**4. Give s(4).
5
Let x(v) be the second derivative of v**5/20 - 5*v**4/12 + v**3/3 - 7*v**2/2 - 3*v. Suppose 2*q + 6 = 4*l - 22, 0 = 4*l - q - 24. What is x(l)?
3
Let d be (-2)/10 - (-126)/30. Let i(c) = 5*c - 2. Let m(h) be the second derivative of -2*h**3/3 + h**2/2 - 2*h. Let s(j) = 3*i(j) + 4*m(j). Determine s(d).
-6
Let u = 2 - 2. Let o(p) = p**3 + p**2 - 4*p - 1. Let a(x) = 3*x**3 - 3*x**3 - x**3 - x**2 + 3*x. Let k(m) = 5*a(m) + 4*o(m). Determine k(u).
-4
Let j(x) = 6*x**2 + 3*x + 2. Let q be j(-1). Let l(p) be the third derivative of 1/6*p**4 + 5/6*p**3 - 1/60*p**q + 0 + 0*p + 2*p**2. Calculate l(4).
5
Let m(q) = q**2 + 2*q. Let o be m(-2). Let h be (-6)/(-15)*(o - -5). Let w(x) = -x**2 - 1 + 8 - 5 - 2*x. Give w(h).
-6
Let y(d) = d - 11. Suppose -3*k + 7 + 11 = 0. Let u(z) = -2*z**2 + 11*z + 6. Let i be u(k). Determine y(i).
-11
Suppose -2*d - 7*d = -27. Let n(x) = 4*x - 1. Give n(d).
11
Let n be (0 + -1)*(-3 + 1). Suppose -n*a + 0*a + 2 = 0, 3*a - 6 = -i. Let x(y) = -2*y**2 + 0*y + y + 1 - 3*y + i*y**2. Determine x(-2).
9
Let o(m) = m - 7. Let f be 24/9 + -3 + (-110)/(-15). Determine o(f).
0
Suppose q - 16 = 5*r, 3*r + 2*q + 3*q = -4. Let z be 4 - (2 + -1 + 0). Let h(t) = z*t + 4*t - 1 - 3*t. Determine h(r).
-13
Let n(i) = -2*i - 9. Let s be n(-7). Let l(q) = 4*q**2 - 2 - 5*q**2 - s*q - 1. Let x be l(-4). Let v(r) = -r + 1. Give v(x).
0
Let z(t) = -33*t - 2*t**2 + t**2 + 3 + 38*t. Let i(k) = 6*k**2 - 1. Let y be i(-1). Calculate z(y).
3
Let i(b) = b**3 - b - 2*b**3 - b**2 - 5 - 4*b**2 + 10*b**2. What is i(4)?
7
Let k(p) = 2*p**3 - 8*p**2 - 5*p - 7. Let z(f) = 5*f**3 - 23*f**2 - 15*f - 20. Let i(c) = 8*k(c) - 3*z(c). Give i(-4).
0
Let n(r) = r**3 + 5*r**2 + 2*r - 6. Let z be n(-4). Let b(k) be the first derivative of k**3/3 - 3*k**2/2 - 2*k - 2. Calculate b(z).
-4
Let j(k) = -2 + 5 - 6*k - 2. Give j(-1).
7
Let i(v) = -v**3 + 4*v**2 + 4*v - 3. Let a be 12 + -3 + (-1 - 3). Determine i(a).
-8
Let t(z) be the third derivative of z**5/30 - z**4/6 + 55*z**2. Give t(3).
6
Let v(l) = l**3 + 7*l**2 - 7. Suppose 3 - 10 = a. What is v(a)?
-7
Let b(d) = -5*d - 5. Let y(k) = -6*k - 6. Let j(n) = -5*b(n) + 4*y(n). Suppose 0*r - 2*r + 24 = 0. Suppose 4*a = -4 - r. Give j(a).
-3
Let g = 12 + -15. Let m(s) = 3*s + 4. Calculate m(g).
-5
Let t(r) = -r**3 - r**2 - r + 1. Let p(a) = 3*a**3 + 7*a**2 + 6*a - 4. Let o(u) = p(u) + 5*t(u). What is o(2)?
-5
Let i(v) be the first derivative of -v**4/4 - v**3 - v**2/2 - v + 1. Let k be 1/(((-3)/9)/1). Let a = k + 1. Calculate i(a).
-3
Let s(g) = -g**2 - 1. Let z(d) = 3*d**2 - 1. Let i(t) = 2*s(t) + z(t). What is i(3)?
6
Suppose 0 = 4*a - 7*a + 5*j + 59, 1 = a + 3*j. Let q(m) = -m + 11. What is q(a)?
-2
Suppose 4*w - 5*s = -w + 40, w = -5*s + 32. Suppose -4*r + w = -3*i, -9 = -5*i - 3*r - 0*r. Suppose i*j = j - 4. Let l(u) = -u**2 + 5*u + 1. Give l(j).
5
Let i(t) be the third derivative of t**4/24 + 8*t**2. What is i(-1)?
-1
Let p(f) = -f**2 + 11*f - 6. Let t be p(10). Suppose -5*l - 19 + t = 0. Let h = -7 - l. Let x(q) = -q**2 - 3*q + 4. What is x(h)?
0
Let c(l) be the third derivative of -1/24*l**4 + l**2 + 1/60*l**5 - 1/180*l**6 - 1/6*l**3 + 0 + 0*l. Let x(z) be the first derivative of c(z). What is x(1)?
-1
Let x(m) = -3. Let b(v) = -v + 1. Let r(f) = 5*b(f) + x(f). Determine r(2).
-8
Let i(y) be the first derivative of y**3/3 - 3*y**2/2 - 5*y + 1. Suppose -w + 1 = -5*u + 12, -2*u + 2*w = 2. Suppose -u + 15 = 3*a. What is i(a)?
-1
Let y(s) be the second derivative of -13*s**4/12 - s**3/6 - s**2/2 - 13*s. Determine y(-1).
-13
Let t(l) be the first derivative of -6*l + 6*l - 2*l + 3 + 6*l - l**2. Determine t(4).
-4
Suppose -v + 1 = -0*v. Let q be (-4)/(-12) - v/3. Suppose c = 2*g - 7, 7*c - 3*c + 2*g + 18 = q. Let f(z) = z + 7. What is f(c)?
2
Let o(b) = -3*b - 4. Let y(m) = -m**2 - 3*m + 4. Let z be y(-5). What is o(z)?
14
Suppose 14 = 12*b - 14*b. Let f(j) = -j**3 - 6*j**2 + 9*j + 3. Calculate f(b).
-11
Let l(s) be the first derivative of s**2 - 3*s - 2. Suppose 0 = 2*v + 3*n - n, -4*n + 12 = 0. Calculate l(v).
-9
Let j be 41 + 4/((-12)/9). Let b(g) = 7 - 37*g - g**2 - g**3 + j*g - 4*g**2. Calculate b(-5).
2
Let d(c) = c**2 + 7*c + 6. Suppose 3*z + 2 = 11. Suppose -2*y - 30 = z*y. Determine d(y).
0
Let n be (-12 + 0)/(-3) + 1. Let i(j) = 2*j - 8 - n*j + 5*j**2 + 5 - j**3. Determine i(4).
1
Suppose -5*g + 5 = -10. Suppose g*c - 1 = -16. Let f(b) be the second derivative of -b**5/20 - 5*b**4/12 + 2*b. Give f(c).
0
Suppose 3*r - 15 = 0, j + 5*r - 35 = -j. Suppose 0 = 5*w - 0 + j. Let o(i) = -8*i**2 - i - 1. What is o(w)?
-8
Suppose 0*y - 4*d = y - 8, -d + 2 = 0. Let c(v) = y*v - 7*v + 0*v + 0*v. Determine c(1).
-7
Let i(c) = c**3 + 5*c**2 + 2*c - 2. Let t be -11 + (-1 - -3) - -4. Determine i(t).
-12
Let a(s) = s**3 + 10*s**2 + 19*s + 20. Let m be a(-8). Let f(l) = l + 3. Determine f(m).
-1
Let h(g) = 2*g**2 + g**3 - 1 + 0*g**2 - 2*g + 3*g**2 - g**2. Give h(-4).
7
Let h(n) be the second derivative of 0 + 1/2*n**3 + 4*n + n**2. Calculate h(2).
8
Let j(v) = -v + 4. Let q(m) = m**2 - 8*m - 4. Let f be q(8). Determine j(f).
8
Let v be (28/(-21))/(2/6). Let j(d) = -d**3 - 5*d**2 - 4*d. Calculate j(v).
0
Let w(s) = -s**3 - 5*s**2 - 6*s - 5. Let i = -18 - -26. Suppose -24 + i = 4*p. Give w(p).
3
Let l(p) = -p**2 - 2*p + 1. Let o(i) = 4*i**2 + 7*i - 4. Let f(a) = -7*l(a) - 2*o(a). Let u = 8 - 8. Calculate f(u).
1
Let k(v) = -2*v - 5 + 3*v + 18. Let p be k(-9). Let h(o) = -43*o + 48*o + o**3 - o**2 - 5*o**2 + 4. Determine h(p).
-8
Let a = -3 - -5. Suppose 4*b - 12 = a*b. Let k(o) = -3 - b*o + 6 + 1 + o**2. Determine k(5).
-1
Let c be 24/60 - 46/(-10). Suppose 0 = 3*t + c*x + 16, t + 4*x + 8 + 9 = 0. Let i(s) = -s**3 + 2*s**2 + 2*s + 1. Give i(t).
-2
Let g(o) = o**2 + 4*o + 1. Let w(n) = n**2 - 11*n + 13. Let h be w(9). Calculate g(h).
6
Let q(o) = -3*o - 3. Suppose 0 = -z - 0 - 2. Calculate q(z).
3
Let x be 16/(-8) + (-1 - -6). Let f(g) = g**3 - g**2 + 6 - 5 - 5 - x*g + 4*g. What is f(0)?
-4
Let z(n) = 5 - 3 + 0 - n**2 - n + 2. Let a = 7 - 7. Give z(a).
4
Let f be (1 + (-12)/(-3))*8/(-5). Let d(b) = -b**2 - 8*b - 5. Give d(f).
-5
Let l(c) be the first derivative of 9*c + 1/4*c**4 - 5/3*c**3 - 4*c**2 + 7. Determine l(6).
-3
Let o(d) = 6*d - 1 + 0*d - 2*d. What is o(3)?
11
Let j be (-3 + 2)*1*-10. Let n = j + -6. Let d(g) = -2*g + 0*g**3 + 2 - g**3 + 5*g**2 - 5*g + n. Calculate d(4).
-6
Let s(c) = 2*c - 1. Suppose 5*x = -4*b - 9 + 22, 4*b - 10 = -2*x. Suppose -2*i + 15 = 5*v, -2*i + 3*v + 17 = b*i. What is s(i)?
9
Suppose -x - 3 + 6 = 0. Let b be (21/(-28))/((-1)/4). Let t(m) = 6*m + 3. Let g(r) = 5*r + 2. Let u(l) = b*t(l) - 4*g(l). What is u(x)?
-5
Let t be (1/2 + 0)*4. Let k(q) be the third derivative of q**6/40 - q**5/60 - q**4/12 + q**3/6 + 32*q**2. What is k(t)?
17
Let x(z) be the third derivative of 1/60*z**5 + 3*z**2 + 0*z**4 + 0*z**3 + 0 + 1/120*z**6 + 0*z. Determine x(-1).
0
Let p(v) = v**3 + 5*v**2 + 3*v + 3. Let b = 8 + -13. Determine p(b).
-12
Let k(o) = o**3 + 3*o**2 + o - 1. Suppose -5*u + 62 = -8. Suppose 0*c + u = c. Let j be (-12)/7 - 4/c. Give k(j).
1
Suppose -4*c = 19 + 1. Let k(h) = h**3 + 5*h**2 - h + 2. Give k(c).
7
Let o(g) = 5*g + 34. Let k be o(-8). Let d(a) = a**2 + 5*a + 1. Determine d(k).
7
Let u = -3 - -9. Suppose -5*m + 4*t + 10 = 0, u = -2*m + 5*m + 4*t. Let n(v) = -1 - v + v + 2*v. Give n(m).
3
Let g(m) = m**2 + 4*m + 2. Suppose 7 = 4*j - 13. Suppose 0*r - 5*r = -3*v + 13, j*v = 4*r. Give g(v).
2
Let i(o) = 13*o + 3*o**2 - 8*o - 4*o**2 - 2 + 10. What is i(6)?
2
Let x(t) = t**2 - 6. Let o = -9 - -9. Give x(o).
-6
Let c = 6 - 6. Suppose -3*j + 0*j = 5*k - 64, 2*j - 5*k - 1 = c. Suppose 4*u - 5*x - 32 = -7, 2*u - 3*x = j. Let r(i) = -i**3 + 5*i**2 + i - 2. Calculate r(u).
3
Let z(r) = -r - 1. Let f(q) be the second derivative of 5*q**3/6 - 3*q**2 - 3*q. Let y(w) = f(w) + 4*z(w). Give y(5).
-5
Let u(c) = c. Let n(w) = w**2 + 6*w - 1. Let h(m) = -n(m) + u(m). D